 + 76716. Determine u(151).
8
Let m(o) = -2*o**2 + 10451*o + 283862. Give m(-27).
227
Let x(a) = -1308*a + 1318. What is x(1)?
10
Let t(z) = 25*z + 2511. Determine t(-98).
61
Let q(f) = -1012*f - 20245. Determine q(-20).
-5
Let z(n) = -3130*n + 15876. Give z(5).
226
Let j(c) = c**2 + 46*c + 143. Determine j(-18).
-361
Let a(y) = 4*y**2 + 91*y - 2132. What is a(-37)?
-23
Let i(a) = -4281*a - 119348. Determine i(-28).
520
Let u(d) = 975*d - 1901. Give u(2).
49
Let x(f) = -f**3 - 108*f**2 - 2124*f + 755. Give x(-82).
99
Let d(a) = 1491*a + 350381. What is d(-235)?
-4
Let g(y) = 49*y**2 - 623*y + 1942. Calculate g(6).
-32
Let f(s) = 42*s**2 + 190*s + 34. What is f(-8)?
1202
Let f(v) = -27*v**2 + 2487*v + 4786. What is f(94)?
-8
Let a(f) = -2*f**2 - 33*f + 182. Calculate a(11).
-423
Let v(k) = -2015*k - 50118. What is v(-25)?
257
Let c(i) = 2510*i + 344009. What is c(-137)?
139
Let q(c) = c**2 + 44*c + 66. Give q(-22).
-418
Let r(y) = 402856*y - 4028561. Give r(10).
-1
Let n(s) = -2*s**2 + 7*s + 81. What is n(-8)?
-103
Let s(t) = -887*t - 32769. Calculate s(-37).
50
Let x(u) = u**2 - 245*u + 14704. Give x(108).
-92
Let k(g) = -1136*g + 71636. Give k(63).
68
Let y(i) = 4*i**3 - 5*i**2 - i - 4. Calculate y(-2).
-54
Let y(c) = c**3 + 72*c**2 + 128*c - 1607. What is y(-6)?
1
Let o(g) = 95366*g + 1430580. What is o(-15)?
90
Let o(s) = 358*s + 70174. Determine o(-197).
-352
Let k(y) = 3*y**2 - 134*y + 1388. What is k(16)?
12
Let f(q) = 7027*q - 11018347. What is f(1568)?
-11
Let f(m) = 2067*m + 23183. Calculate f(-11).
446
Let z(t) = 3*t**3 - 142*t**2 + 49*t + 49. What is z(47)?
143
Let u(n) = 8*n**2 + 79*n + 26. Give u(-15).
641
Let y(g) = -14*g**2 + 11964*g + 101842. Calculate y(863).
8
Let v(c) = 2*c**3 - 10*c**2 - 372*c - 968. What is v(-3)?
4
Let h(f) = 969011*f + 5814070. Determine h(-6).
4
Let z(s) = -2*s**3 - s**2 + 238*s + 885. Calculate z(-4).
45
Let d(f) = -2*f**2 + 39*f + 1480. Determine d(37).
185
Let x(k) = -8*k**3 - 1894*k**2 + 406*k - 16104. Give x(-237).
12
Let v(k) = -3*k**3 - 59*k**2 - 253*k - 40. Calculate v(-6).
2
Let q(k) = k**2 + 111*k - 13991. Determine q(61).
-3499
Let n(k) = -3*k**3 + 120*k**2 + 265*k - 10509. Determine n(40).
91
Let c(y) = 27529*y + 935988. What is c(-34)?
2
Let s(z) = -366*z - 330. Determine s(-15).
5160
Let q(j) = 683*j**3 - 5463*j**2 - 12*j + 67. What is q(8)?
35
Let b(j) = 2*j**3 + 356*j**2 + 226*j - 24035. Determine b(-177).
-1379
Let b(u) = -u**3 + 16*u**2 + 66*u - 34. What is b(-5)?
161
Let g(m) = -m**3 + m**2 + 50*m + 606. Calculate g(-10).
1206
Let i(v) = 66525*v - 532146. Give i(8).
54
Let c(i) = i**2 + 28616*i + 8746856. Give c(-309).
-7
Let n(m) = 10*m**3 + 22*m**2 - 17*m + 42. Determine n(-7).
-2191
Let g(b) = b**3 + 10*b**2 - 5*b - 112. What is g(-9)?
14
Let o(r) = -2*r**3 - 60*r**2 + 175*r + 8040. Determine o(-28).
4
Let b(o) = -o**2 - 8060*o - 80703. Give b(-10).
-203
Let u(f) = -2*f**3 + 394*f**2 - 395*f + 788. What is u(196)?
200
Let y(d) = 200*d + 161. Determine y(1).
361
Let i(t) = 2*t**2 - 522*t - 3542. What is i(271)?
1878
Let d(b) = -111*b - 2210. Determine d(-25).
565
Let x(a) = a**2 - 2982*a + 506957. Calculate x(181).
-24
Let f(x) = 219704*x + 219709. What is f(-1)?
5
Let z(g) = -g**3 - 13*g**2 + 71*g + 689. What is z(-6)?
11
Let p(n) = -34*n**3 + 58*n**2 - 72*n + 43. Determine p(1).
-5
Let i(m) = -99999*m - 1999982. Give i(-20).
-2
Let u(m) = -250*m + 6515. What is u(26)?
15
Let d(j) = -55*j**3 - 220*j**2 + 3230*j + 12912. Give d(-4).
-8
Let j(y) = -2*y**3 + 52*y**2 + 106*y + 598. What is j(29)?
-1374
Let n(b) = 179*b - 12342. Determine n(68).
-170
Let k(j) = 6*j**3 - 151*j**2 - 277*j - 425. Determine k(27).
115
Let x(o) = 40*o + 2052. Give x(-47).
172
Let d(k) = k**3 - 54*k**2 + 88*k + 17469. Give d(42).
-3
Let j(z) = -12922*z + 710712. What is j(55)?
2
Let f(a) = 23886*a - 98. Calculate f(0).
-98
Let h(p) = 2*p**3 - 22*p**2 - 159*p + 20. What is h(15)?
-565
Let v(z) = 524*z + 50894. Give v(-96).
590
Let n(t) = 714*t - 41. Calculate n(1).
673
Let j(d) = -546*d + 11187. Give j(21).
-279
Let o(y) = 99*y + 16301. What is o(-148)?
1649
Let i(w) = -w**3 - 77*w**2 - 298*w - 29325. Calculate i(-78).
3
Let q(n) = -74854*n + 823391. Calculate q(11).
-3
Let r(p) = 413*p - 43579. Determine r(106).
199
Let i(w) = w**2 - 567*w - 200019. What is i(-246)?
-21
Let g(l) = l**3 - 280*l**2 - 119*l + 33321. Determine g(280).
1
Let l(b) = -b**3 - 38*b**2 - 200*b + 1106. Give l(-30).
-94
Let q(g) = -31*g**2 - 16005*g + 11377. What is q(-517)?
3
Let c(b) = -3194272*b - 15971363. Calculate c(-5).
-3
Let q(o) = -284*o - 5544. Give q(-25).
1556
Let f(i) = 17848*i + 35929. What is f(-2)?
233
Let o(n) = -n**2 + 194141*n + 6407784. Determine o(-33).
42
Let a(l) = -l**3 - 18*l**2 - 848*l - 4555. Determine a(-6).
101
Let u(w) = -25610*w**2 + 76841*w - 12. What is u(3)?
21
Let q(b) = b**3 - 20*b**2 - 84*b - 6483. Calculate q(30).
-3
Let f(t) = -69*t**2 - 52*t - 135. What is f(-3)?
-600
Let u(v) = -v**3 + 238*v**2 - 44*v + 6373. What is u(238)?
-4099
Let o(v) = -v**3 - 5*v**2 - 11*v - 305. What is o(-9)?
118
Let g(m) = m**3 + 352*m**2 - 1606*m - 64844. Give g(-356).
-52
Let n(p) = 245*p - 10787. Determine n(43).
-252
Let m(u) = -2029*u + 10188. Determine m(5).
43
Let z(f) = -f**2 - 6719*f + 141731. Calculate z(21).
191
Let b(f) = -6636*f - 265775. Determine b(-40).
-335
Let r(i) = -216*i - 9153. Determine r(-43).
135
Let q(p) = 83*p**2 + 6475*p + 89. What is q(-78)?
11
Let b(x) = x**3 + 4*x**2 - 30*x - 248. What is b(-5)?
-123
Let x(g) = 2*g**2 + 78*g - 6088. Calculate x(-78).
-4
Let a(k) = 2*k**2 + 256*k - 14250. Determine a(42).
30
Let h(g) = -18391*g - 91671. Calculate h(-5).
284
Let y(a) = -33978*a - 2344474. Calculate y(-69).
8
Let p(u) = -u**2 - 245*u - 11230. What is p(-187)?
-384
Let a(t) = 179*t + 18771. Determine a(-103).
334
Let l(h) = -159*h - 15599. Determine l(-98).
-17
Let o(a) = a**3 - 21*a**2 + 119*a - 581. Determine o(12).
-449
Let h(t) = 24*t**3 + 227*t**2 + 104*t + 42. What is h(-9)?
-3
Let a(c) = -1531*c - 2991. Give a(-2).
71
Let y(q) = -q**2 + 2741*q + 969367. Determine y(-317).
-19
Let s(p) = -82373*p + 1400822. Give s(17).
481
Let w(k) = 8321*k + 374592. Calculate w(-45).
147
Let b(y) = 331*y + 48396. What is b(-146)?
70
Let f(k) = k**3 + 1049*k**2 + 218218*k - 13. Give f(-286).
-13
Let k(p) = -p**3 + 271*p**2 - 1593*p - 648. Determine k(265).
-1443
Let h(s) = -240*s**2 + 633*s + 1313. Calculate h(4).
5
Let a(k) = -k**3 - 53*k**2 + 173*k + 299. Calculate a(-56).
19
Let j(y) = 66*y + 6071. What is j(-98)?
-397
Let x(p) = 1049*p + 34862. What is x(-33)?
245
Let r(a) = 61*a**3 + 8*a**2 + 50*a - 52. Give r(1).
67
Let j(l) = -2*l**3 + 1136*l**2 + 2270*l + 5756. What is j(570)?
56
Let c(w) = -w**2 - 10*w - 111. What is c(3)?
-150
Let o(f) = 21149*f + 296096. Give o(-14).
10
Let i(z) = -2*z**2 + 286*z + 16611. What is i(-43)?
615
Let j(w) = -5*w**2 + 1285*w + 12886. Calculate j(-10).
-464
Let a(g) = -15084*g - 34. What is a(0)?
-34
Let p(r) = 2575*r - 7731. Determine p(3).
-6
Let d(c) = c**3 - 66*c**2 + 21*c - 1417. Determine d(66).
-31
Let t(r) = 89515*r - 33210063. Determine t(371).
2
Let f(b) = -3*b**2 - 136*b - 845. Give f(-33).
376
Let i(a) = 6474*a - 135827. Give i(21).
127
Let m(y) = 66*y**2 + 469*y + 72. What is m(0)?
72
Let d(u) = 11*u**2 - 2072*u + 1535. Give d(187).
-1270
Let w(t) = 8*t**2 + 5428*t + 407646. What is w(-86)?
6
Let t(h) = h**3 - 252*h**2 + 2980*h - 493017. Calculate t(248).
7
Let s(j) = -2*j**3 + 91*j**2 + 2*j - 186. Calculate s(46).
-2210
Let k(u) = u**3 + 18*u**2 - 271*u - 1280. What is k(-27)?
-524
Let z(i) = -i**2 - 98*i - 1346. Give z(-22).
326
Let c(z) = -3294*z - 606444. Determine c(-184).
-348
Let r(t) = t**3 + 15*t**2 - 1284*t + 7744. Calculate r(6).
796
Let j(z) = 174*z + 1433. Give j(-17).
-1525
Let l(c) = -7*c**3 - 670*c**2 - 474*c + 95. Give l(-95).
0
Let g(w) = -8*w**3 - 4*w**2 + 3*w + 61. Determine g(-4).
497
Let k(i) = -9*i**2 + 2393*i - 4745. Give k(2).
5
Let v(j) = 15327*j - 1471398. What is v(96)?
-6
Let h(f) = 2*f**2 - 1606*f - 65687. What is h(-39)?
-11
Let r(c) = -4*c**2 + 34*c - 99. Give r(17).
-677
Let j(l) = 72493*l + 362488. Give j(-5).
23
Let t(h) = -8440*h + 8321. Give t(1).
-119
Let b(w) = -16790*w + 16766. Calculate b(1).
-24
Let r(j) = 4